2*n - 5*n + 72 = w. Calculate the remainder when n is divided by 13.
11
Suppose -3*v + 37 = -4*s, -2*v + 4 + 18 = -2*s. Calculate the remainder when v is divided by 4.
3
Let f = -8 - -14. Suppose 2*n - f = 4. Calculate the remainder when 13 is divided by n.
3
Suppose m + 4*s - 4 = 12, m - 16 = -2*s. What is the remainder when 29 is divided by m?
13
Suppose -o + 9 = -5. Suppose -o = 2*s - 3*s. Calculate the remainder when 26 is divided by s.
12
Let n = 7 + -2. What is the remainder when 27 is divided by n?
2
Let o(p) = 2*p + 2. Let d be o(4). Suppose -70 = b - 6*b. Calculate the remainder when (d/15)/(2/123) is divided by b.
13
Let o = -19 + 31. Suppose -3*a + 0*a = 15. Let h = o - a. Calculate the remainder when 32 is divided by h.
15
Suppose w = -3*z + 15, 2*z + z = -4*w + 60. What is the remainder when w is divided by -5 + 3 - -1*10?
7
Suppose 4*w - 152 = -52. What is the remainder when w is divided by 6?
1
Let d(m) = 5*m**2 + 5*m. Let u be d(-4). Suppose -4*n = -16 - u. What is the remainder when n is divided by (7/2)/((-5)/(-10))?
5
Let n(u) = u. Let r be n(-7). Let a(c) = c**3 + 8*c**2 + 7*c - 1. Let v be a(r). What is the remainder when (v + 0 + -1)*-1 is divided by 2?
0
Suppose 0 = -2*o + 3 - 1. Let w be (1 + 14)/(0 + o). Suppose -j - 2*j + w = 0, 3*c - j - 28 = 0. What is the remainder when 19 is divided by c?
8
Suppose 4*h - 110 = -r + 34, 0 = -3*h + 5*r + 85. Calculate the remainder when h is divided by 9.
8
Suppose c - 5 = 6*c, 0 = -2*p + 4*c + 34. Suppose -8 = -d + 1. Calculate the remainder when p is divided by d.
6
Calculate the remainder when 192/10 + 8/10 is divided by 8 + 2*1/(-2).
6
Suppose -3*n - 20 = -8*n. Suppose 0 = -2*k + 2*c + 36, -3*k = n*c - 10 - 16. Suppose p - k = -0*p. Calculate the remainder when 26 is divided by p.
12
Suppose 0 = -x + 2 + 3. Suppose 0 = -3*o - 4 + 19. Let w = o + 4. Calculate the remainder when w is divided by x.
4
Let c(l) = -l + 1 + 2*l - 13*l. Suppose 2*h = -5*z - 10 + 1, 0 = 4*z - 4*h + 24. What is the remainder when c(z) is divided by 19?
18
Let x = -7 + 3. Calculate the remainder when (-12)/x*16/6 is divided by 5.
3
Let m(a) = a**3 - 6*a**2 + 9*a + 3. Calculate the remainder when 37 is divided by m(5).
14
Suppose 2*x = -13 + 39. Calculate the remainder when 76 is divided by x.
11
Let d = -12 + 34. Let i(t) = t**3 + 5*t**2 - 7*t - 8. Let m be i(-6). Let q = d + m. What is the remainder when q is divided by 7?
6
Let l(x) = x + 4. What is the remainder when 17 is divided by l(5)?
8
Let p(y) = -y**3 - 4*y**2 + 5*y + 1. Let s be (-39)/3 - -1 - 0. Calculate the remainder when p(-6) is divided by 4/s - 46/(-3).
13
Let a(p) = -11*p - 2. Suppose -4*s = -17*s + 91. What is the remainder when a(-2) is divided by s?
6
Let b = 24 + -10. Suppose 7 = -2*o + 113. Suppose -b = 3*v - o. What is the remainder when v is divided by 4?
1
Suppose -3*w + 14 + 13 = 0. What is the remainder when (7/(-3))/(2/(-6)) is divided by (6/w)/(4/24)?
3
Let z(n) = n**3 - 4*n**2 + n + 1. Let k be z(4). Let a be k*(3 + (-6)/(-15)). Let y = 28 - a. What is the remainder when 43 is divided by y?
10
Let p be 84 + (-1 - (-2 - 1)). Suppose -5*f - 5*q + q + p = 0, 3*f + 3*q - 54 = 0. Calculate the remainder when 53 is divided by f.
11
Suppose -4*j - 3 = -j. Let s = j - -15. Calculate the remainder when 26 is divided by s.
12
Suppose 5*x - 42 = z + 34, -3*x - 3*z = -60. Let j be (2 + 0 + 0)/(-1). Let t(i) = 11*i**2 + 2. Calculate the remainder when t(j) is divided by x.
14
Suppose 5*a + 4*o + 5 = -30, 5*o = -2*a - 14. Let w = a + 14. Calculate the remainder when 13 is divided by w.
6
Let x = -16 + 22. Suppose 0 = 2*u + 2*c - c, 3*u + 3*c - 3 = 0. Calculate the remainder when 17 + -1 + u + 2 is divided by x.
5
Let m(x) = -x. Let a(z) = -z**3 - 9*z**2 - 14*z - 1. Let q(p) = -a(p) + 4*m(p). Calculate the remainder when q(-7) is divided by 16.
13
Suppose 4*q = g - 209, g - 3*g + 385 = 3*q. What is the remainder when g is divided by 25?
22
Let p = -37 - -50. Calculate the remainder when 51 is divided by p.
12
Suppose 42 = 6*m - 4*m. What is the remainder when 41 is divided by m?
20
Suppose d = i - 3*d - 32, -5*i + 3*d + 75 = 0. What is the remainder when 35 is divided by i?
11
Suppose u = -5*m + 23, -5*u + 8*m + 55 = 3*m. What is the remainder when u is divided by 7?
6
Suppose 5*f + 1 = -9. Let o(s) = -s**2 + 2*s + 2. Let k be o(f). What is the remainder when 3 is divided by (-1)/((3/k)/1)?
1
Let q(l) = -l**2 + 6*l + 5. Let j be q(6). Suppose -3*z = -0*z + 2*r + 22, j = 5*r. Let f = 14 + z. Calculate the remainder when 10 is divided by f.
4
Suppose 4*v - 5*v = -20. Let p(w) = -w**3 - 7*w**2 - w - 9. Let g be p(-7). What is the remainder when v is divided by (-3 - g)/(1/(-11))?
9
Suppose -2*t = 3*g + 17, -2*g - 33 = 4*t + 3*g. Let w(q) = -q + 9. Calculate the remainder when 30 is divided by w(t).
14
What is the remainder when -28*(80/(-28) - -2) is divided by 13?
11
Let i = 4 - -25. What is the remainder when i is divided by 1 - (1 + (-20)/2)?
9
Suppose -a = 5*d - 27, -4*d + 3*d = -5. Suppose a*h - 4*h = -10. Calculate the remainder when 18 is divided by h.
3
Suppose 3*s = 10 + 17. Let j(o) = -o**2 + 9*o + 7. Let k be j(8). Let u = k + s. Calculate the remainder when u is divided by 13.
11
Suppose -4*o - 19 = -99. What is the remainder when 78 is divided by o?
18
Let n = 7 - 4. Suppose 5*x + 49 - 12 = 4*h, -n*h = 4*x + 11. What is the remainder when 6 is divided by h?
0
Suppose -4*n + 120 = 4*v, -2*n = -3*v - 17 - 18. Calculate the remainder when n is divided by -2 + (10 - (-2 - -1)).
7
What is the remainder when (-205)/(-7) + (-18)/63 is divided by 5?
4
Let g(u) = -13*u**3 + 2*u**2 - 2*u + 1. Let i be g(1). Let m(t) = -t**2 - 13*t + 4. Calculate the remainder when 45 is divided by m(i).
13
Suppose 3*c - 5*b + 6 = 0, -5*c + 0*b - 10 = -5*b. Calculate the remainder when 20 is divided by (-7)/c*2/1.
6
What is the remainder when 18 is divided by -4 - (5 - 1 - 13)?
3
Suppose -t = -4*d - 19, 4*t - d - 76 = -5*d. What is the remainder when 73 is divided by t?
16
Let u = 50 + -45. Calculate the remainder when 18 is divided by u.
3
Let h = 10 - 7. Let k(o) = h*o + 8 - o**2 - o - 3 - 9*o. What is the remainder when 21 is divided by k(-6)?
10
Suppose 50 - 7 = -5*g - o, -2*g - 3*o = 12. Let i(t) = t**2 + 6*t + 5. Calculate the remainder when 126 is divided by i(g).
30
Suppose 8*i + 3*i = 286. What is the remainder when i is divided by 5?
1
Let f be (0 + -2)/(2/1). Calculate the remainder when 3 is divided by 1/f*(-1 - 1).
1
Suppose 0 = -3*v + 5 - 2. Suppose -v = -0*y + y. What is the remainder when 0 + y/2*-82 is divided by 14?
13
Let n(c) = c**3 + 5*c**2 - 6*c + 2. Let b be n(-6). Suppose b*o - 9 = 5. Calculate the remainder when 20 is divided by o.
6
Suppose 0*n = 4*n - 20. Suppose -5*l + 16 = 3*h, -n*l - 5*h + 5 = -l. What is the remainder when 12 is divided by l?
2
Let o = -11 - -26. Let n(y) = 3*y**2 - 7*y. Let c be n(9). Suppose -k - 3*k - p + c = 0, 0 = 3*k - 4*p - 116. What is the remainder when k is divided by o?
14
Let k(o) = 3*o + 0*o + 2*o - 5. What is the remainder when k(7) is divided by 8?
6
Let d(p) be the first derivative of -3*p**2/2 - 2*p + 1. Suppose q = 10 - 4. Calculate the remainder when q is divided by d(-2).
2
Suppose 42 = 3*x + 3*y, -3*y = x - 2*x + 2. What is the remainder when 43 is divided by x?
10
Let i = -103 + 154. Calculate the remainder when i is divided by 27.
24
Let m = 9 - -9. What is the remainder when 71 is divided by m?
17
Suppose -34*j + 201 = -31*j. What is the remainder when j is divided by 20?
7
Suppose -k + 5*n - 6 + 67 = 0, -5*k - 3*n + 165 = 0. Let m = -24 + 38. Let a = m + -1. Calculate the remainder when k is divided by a.
10
Suppose 0 = -3*u + b - 3, 2*b + 14 = -2*u + 4. Let f be ((-21)/(-6))/(u/(-4)). What is the remainder when (f/2)/((-2)/(-20)) is divided by 12?
11
Suppose x - 2*x - 3*b + 2 = 0, -4*x - 5*b = -29. Let a = 76 + -44. Calculate the remainder when a is divided by x.
10
Let o be (10/(-6))/(1/(-3)). Suppose -3*b = -3*v + 15, -4*b + 3 = -o. What is the remainder when v is divided by 5?
2
Let d(l) = l**3 - 9*l**2 + 12*l - 12. Let u = 153 - 75. Calculate the remainder when u is divided by d(8).
18
Suppose 3*z = -v + 47, -2*v + 4*z + 64 = -0*v. Calculate the remainder when v is divided by 